{"id":208494,"date":"2017-10-09T16:17:18","date_gmt":"2017-10-09T14:17:18","guid":{"rendered":"https:\/\/carlximode.se\/?page_id=208494"},"modified":"2025-02-06T17:32:54","modified_gmt":"2025-02-06T16:32:54","slug":"butik","status":"publish","type":"page","link":"https:\/\/carlximode.se\/?page_id=208494","title":{"rendered":"BUTIK"},"content":{"rendered":"<p>[et_pb_section fb_built=&#8221;1&#8243; custom_padding_last_edited=&#8221;on|desktop&#8221; admin_label=&#8221;section&#8221; _builder_version=&#8221;4.16&#8243; background_image=&#8221;https:\/\/carlximode.se\/wp-content\/uploads\/2017\/11\/Header-Butiken.png&#8221; custom_padding=&#8221;54px|31px|54px|0px&#8221; custom_padding_tablet=&#8221;50px|0|50px|0&#8243; custom_padding_phone=&#8221;&#8221; transparent_background=&#8221;off&#8221; global_colors_info=&#8221;{}&#8221;][et_pb_row column_padding_mobile=&#8221;on&#8221; admin_label=&#8221;row&#8221; _builder_version=&#8221;4.16&#8243; background_size=&#8221;initial&#8221; background_position=&#8221;top_left&#8221; background_repeat=&#8221;repeat&#8221; custom_padding=&#8221;178px|0px|150px|0px&#8221; global_colors_info=&#8221;{}&#8221;][et_pb_column type=&#8221;4_4&#8243; _builder_version=&#8221;4.16&#8243; custom_padding=&#8221;|||&#8221; global_colors_info=&#8221;{}&#8221; custom_padding__hover=&#8221;|||&#8221;][et_pb_text _builder_version=&#8221;4.16&#8243; text_text_color=&#8221;#ffffff&#8221; header_font=&#8221;|||on|||||&#8221; header_font_size=&#8221;52px&#8221; header_letter_spacing=&#8221;4px&#8221; background_color=&#8221;rgba(48,48,48,0.84)&#8221; text_orientation=&#8221;center&#8221; background_layout=&#8221;dark&#8221; module_alignment=&#8221;center&#8221; custom_padding=&#8221;40px|40px|40px|40px&#8221; saved_tabs=&#8221;all&#8221; global_colors_info=&#8221;{}&#8221;]<\/p>\n<h1>Butik<\/h1>\n<p>[\/et_pb_text][\/et_pb_column][\/et_pb_row][\/et_pb_section][et_pb_section fb_built=&#8221;1&#8243; _builder_version=&#8221;4.16&#8243; custom_padding=&#8221;54px|0px|0px|0px&#8221; global_colors_info=&#8221;{}&#8221;][et_pb_row _builder_version=&#8221;4.16&#8243; background_size=&#8221;initial&#8221; background_position=&#8221;top_left&#8221; background_repeat=&#8221;repeat&#8221; global_colors_info=&#8221;{}&#8221;][et_pb_column type=&#8221;4_4&#8243; _builder_version=&#8221;4.16&#8243; custom_padding=&#8221;|||&#8221; global_colors_info=&#8221;{}&#8221; custom_padding__hover=&#8221;|||&#8221;][et_pb_text _builder_version=&#8221;4.16&#8243; text_font=&#8221;||||||||&#8221; text_font_size=&#8221;19px&#8221; text_orientation=&#8221;center&#8221; module_alignment=&#8221;center&#8221; global_colors_info=&#8221;{}&#8221;]<\/p>\n<p>Vi f\u00f6ljer v\u00e5ra kunder genom hela livet fr\u00e5n skoltr\u00f6ja, kl\u00e4dsel f\u00f6r arbetsintervjun, festen och br\u00f6llopet. V\u00e5r drivkraft \u00e4r och har alltid varit att m\u00f6ta v\u00e5ra kunder med engagemang och passion, h\u00e4r blir man sedd.<\/p>\n<p>[\/et_pb_text][\/et_pb_column][\/et_pb_row][\/et_pb_section][et_pb_section fb_built=&#8221;1&#8243; specialty=&#8221;on&#8221; disabled_on=&#8221;on|on|off&#8221; _builder_version=&#8221;4.16&#8243; custom_padding=&#8221;3px|0px|0px|0px&#8221; global_colors_info=&#8221;{}&#8221;][et_pb_column type=&#8221;1_2&#8243; specialty_columns=&#8221;2&#8243; _builder_version=&#8221;4.16&#8243; custom_padding=&#8221;|||&#8221; global_colors_info=&#8221;{}&#8221; parallax__hover=&#8221;off&#8221; parallax_method__hover=&#8221;on&#8221; custom_padding__hover=&#8221;|||&#8221;][et_pb_row_inner admin_label=&#8221;Rad&#8221; _builder_version=&#8221;4.16&#8243; global_colors_info=&#8221;{}&#8221;][et_pb_column_inner saved_specialty_column_type=&#8221;1_2&#8243; _builder_version=&#8221;4.16&#8243; custom_padding=&#8221;|||&#8221; global_colors_info=&#8221;{}&#8221; parallax__hover=&#8221;off&#8221; parallax_method__hover=&#8221;on&#8221; custom_padding__hover=&#8221;|||&#8221;][et_pb_blurb title=&#8221;OM OSS&#8221; _builder_version=&#8221;4.16&#8243; header_font=&#8221;||||||||&#8221; header_text_align=&#8221;center&#8221; header_font_size=&#8221;19px&#8221; global_colors_info=&#8221;{}&#8221;]<\/p>\n<p>1996 \u00f6ppnades porten f\u00f6r Carl XI Mode f\u00f6r f\u00f6rsta g\u00e5ngen. Butiken \u00f6ppnades som en vidareutveckling av f\u00f6retaget AB Ernst Nymans Herrekipering och dess \u00e4gare, br\u00f6derna Per och Tommy Jansson. Man ville fokusera mer p\u00e5 en ny m\u00e5lgrupp, unga trendiga m\u00e4nniskor som s\u00f6ker de allra senaste modeplaggen.<\/p>\n<p>Utvecklingen har sedan dess g\u00e5tt fram\u00e5t och idag har vi ett komplett sortiment f\u00f6r alla \u00e5ldrar och behov.<\/p>\n<p>Grundid\u00e9n \u00e4r dock densamma sedan starten, att erbjuda den b\u00e4sta kvalit\u00e9n tillsammans med personal som alltid har fokus p\u00e5 kunden.\u00a0 Det \u00e4r ingen \u00f6verdrift att v\u00e5ra plagg h\u00e5ller stilm\u00e4ssigt i m\u00e5nga \u00e5r, s\u00e5 \u00e4ven kvalit\u00e9n. Vi finner det ansvarsfullt p\u00e5 m\u00e5nga s\u00e4tt, b\u00e5de mot v\u00e5ra kunder men ocks\u00e5 v\u00e5r milj\u00f6.<\/p>\n<p>[\/et_pb_blurb][\/et_pb_column_inner][\/et_pb_row_inner][\/et_pb_column][et_pb_column type=&#8221;1_4&#8243; _builder_version=&#8221;4.16&#8243; custom_padding=&#8221;|||&#8221; global_colors_info=&#8221;{}&#8221; parallax__hover=&#8221;off&#8221; parallax_method__hover=&#8221;on&#8221; custom_padding__hover=&#8221;|||&#8221;][et_pb_team_member name=&#8221;Tommy Jansson&#8221; position=&#8221;\u00c4gare\/Butikschef\/S\u00e4ljare&#8221; image_url=&#8221;https:\/\/carlximode.se\/wp-content\/uploads\/2017\/10\/DSC4353CaluvaFoto-.jpg&#8221; _builder_version=&#8221;4.16&#8243; global_colors_info=&#8221;{}&#8221;]<\/p>\n<p>Kontakt: Tommy@carlximode.se<span style=\"font-size: 14px;\"><\/span><\/p>\n<p><span style=\"font-size: 14px;\">Brett kunnande inom herrkonfektion sedan m\u00e5nga \u00e5r. L\u00e4gger alltid stort fokus p\u00e5 kunder och sortiment<\/span><\/p>\n<p>[\/et_pb_team_member][et_pb_team_member name=&#8221;Jonas Fridolfsson&#8221; position=&#8221;S\u00e4ljare&#8221; image_url=&#8221;https:\/\/carlximode.se\/wp-content\/uploads\/2025\/02\/Jonas-rand-insom.jpg&#8221; _builder_version=&#8221;4.21.0&#8243; custom_margin=&#8221;-15px||&#8221; hover_enabled=&#8221;0&#8243; global_colors_info=&#8221;{}&#8221; title_text=&#8221;Jonas rand &#8211; insom&#8221; sticky_enabled=&#8221;0&#8243;]<\/p>\n<p class=\"p1\">Jonas har varit i kl\u00e4dbranschen i flera \u00e5r och har ett genuint intresse f\u00f6r kl\u00e4der.<\/p>\n<p>[\/et_pb_team_member][\/et_pb_column][et_pb_column type=&#8221;1_4&#8243; _builder_version=&#8221;4.16&#8243; custom_padding=&#8221;|||&#8221; global_colors_info=&#8221;{}&#8221; parallax__hover=&#8221;off&#8221; parallax_method__hover=&#8221;on&#8221; custom_padding__hover=&#8221;|||&#8221;][et_pb_team_member name=&#8221;Lousie Gabrielsson&#8221; position=&#8221;S\u00e4ljare&#8221; image_url=&#8221;https:\/\/carlximode.se\/wp-content\/uploads\/2017\/10\/DSC4085CaluvaFoto&#8211;e1515574833135.jpg&#8221; _builder_version=&#8221;4.16&#8243; min_height=&#8221;455.6px&#8221; custom_margin=&#8221;-15px|||||&#8221; custom_padding=&#8221;0px|||||&#8221; hover_enabled=&#8221;0&#8243; global_colors_info=&#8221;{}&#8221; sticky_enabled=&#8221;0&#8243;]<\/p>\n<p>Louise har varit med oss i n\u00e5gra \u00e5r och trivs med att hj\u00e4lpa v\u00e5ra kunder att hitta sin stil.<\/p>\n<p>[\/et_pb_team_member][\/et_pb_column][\/et_pb_section][et_pb_section fb_built=&#8221;1&#8243; specialty=&#8221;on&#8221; disabled_on=&#8221;off|off|on&#8221; _builder_version=&#8221;4.16&#8243; custom_padding=&#8221;3px|0px|36px|0px|false|false&#8221; global_colors_info=&#8221;{}&#8221;][et_pb_column type=&#8221;1_2&#8243; specialty_columns=&#8221;2&#8243; _builder_version=&#8221;4.16&#8243; custom_padding=&#8221;|||&#8221; global_colors_info=&#8221;{}&#8221; parallax__hover=&#8221;off&#8221; parallax_method__hover=&#8221;on&#8221; custom_padding__hover=&#8221;|||&#8221;][et_pb_row_inner admin_label=&#8221;Rad&#8221; _builder_version=&#8221;4.16&#8243; global_colors_info=&#8221;{}&#8221;][et_pb_column_inner saved_specialty_column_type=&#8221;1_2&#8243; _builder_version=&#8221;4.16&#8243; custom_padding=&#8221;|||&#8221; global_colors_info=&#8221;{}&#8221; parallax__hover=&#8221;off&#8221; parallax_method__hover=&#8221;on&#8221; custom_padding__hover=&#8221;|||&#8221;][et_pb_blurb title=&#8221;OM OSS&#8221; _builder_version=&#8221;4.16&#8243; header_font=&#8221;||||||||&#8221; header_text_align=&#8221;center&#8221; header_font_size=&#8221;19px&#8221; global_colors_info=&#8221;{}&#8221;]<\/p>\n<p>1996 \u00f6ppnades porten f\u00f6r Carl XI Mode f\u00f6r f\u00f6rsta g\u00e5ngen. Butiken \u00f6ppnades som en vidareutveckling av f\u00f6retaget AB Ernst Nymans Herrekipering och dess \u00e4gare, br\u00f6derna Per och Tommy Jansson. Man ville fokusera mer p\u00e5 en ny m\u00e5lgrupp, unga trendiga m\u00e4nniskor som s\u00f6ker de allra senaste modeplaggen.<\/p>\n<p>Utvecklingen har sedan dess g\u00e5tt fram\u00e5t och idag har vi ett komplett sortiment f\u00f6r alla \u00e5ldrar och behov.<\/p>\n<p>Grundid\u00e9n \u00e4r dock densamma sedan starten, att erbjuda den b\u00e4sta kvalit\u00e9n tillsammans med personal som alltid har fokus p\u00e5 kunden.\u00a0 Det \u00e4r ingen \u00f6verdrift att v\u00e5ra plagg h\u00e5ller stilm\u00e4ssigt i m\u00e5nga \u00e5r, s\u00e5 \u00e4ven kvalit\u00e9n. Vi finner det ansvarsfullt p\u00e5 m\u00e5nga s\u00e4tt, b\u00e5de mot v\u00e5ra kunder men ocks\u00e5 v\u00e5r milj\u00f6.<\/p>\n<p>[\/et_pb_blurb][\/et_pb_column_inner][\/et_pb_row_inner][\/et_pb_column][et_pb_column type=&#8221;1_4&#8243; _builder_version=&#8221;4.16&#8243; custom_padding=&#8221;|||&#8221; global_colors_info=&#8221;{}&#8221; parallax__hover=&#8221;off&#8221; parallax_method__hover=&#8221;on&#8221; custom_padding__hover=&#8221;|||&#8221;][et_pb_team_member name=&#8221;Tommy Jansson&#8221; position=&#8221;\u00c4gare\/Butikschef\/S\u00e4ljare&#8221; image_url=&#8221;https:\/\/carlximode.se\/wp-content\/uploads\/2017\/10\/DSC4353CaluvaFoto-.jpg&#8221; _builder_version=&#8221;4.16&#8243; global_colors_info=&#8221;{}&#8221;]<\/p>\n<p>Brett kunnande inom herrkonfektion sedan m\u00e5nga \u00e5r. L\u00e4gger alltid stort fokus p\u00e5 kunder och sortimen<\/p>\n<p>[\/et_pb_team_member][et_pb_team_member name=&#8221;Pontus Ivarsson&#8221; position=&#8221;S\u00e4ljare&#8221; image_url=&#8221;https:\/\/carlximode.se\/wp-content\/uploads\/2017\/10\/DSC4333CaluvaFoto-.jpg&#8221; _builder_version=&#8221;4.16&#8243; custom_margin=&#8221;-15px||&#8221; global_colors_info=&#8221;{}&#8221;]<\/p>\n<p>Pontus har varit i f\u00f6retaget i n\u00e5gra \u00e5r och har stort intresse f\u00f6r kl\u00e4der och skor.<\/p>\n<p>[\/et_pb_team_member][\/et_pb_column][et_pb_column type=&#8221;1_4&#8243; _builder_version=&#8221;4.16&#8243; custom_padding=&#8221;|||&#8221; global_colors_info=&#8221;{}&#8221; parallax__hover=&#8221;off&#8221; parallax_method__hover=&#8221;on&#8221; custom_padding__hover=&#8221;|||&#8221;][et_pb_team_member name=&#8221;Jonas Fridolfsson&#8221; position=&#8221;S\u00e4ljare&#8221; image_url=&#8221;https:\/\/carlximode.se\/wp-content\/uploads\/2019\/09\/IMG_8115-.jpg&#8221; _builder_version=&#8221;4.16&#8243; custom_margin=&#8221;0px||&#8221; global_colors_info=&#8221;{}&#8221;]<\/p>\n<p class=\"p1\">Jonas har varit i kl\u00e4dbranschen i flera \u00e5r och har ett genuint intresse f\u00f6r kl\u00e4der.<\/p>\n<p>[\/et_pb_team_member][et_pb_team_member name=&#8221;Lousie Gabrielsson&#8221; position=&#8221;S\u00e4ljare&#8221; image_url=&#8221;https:\/\/carlximode.se\/wp-content\/uploads\/2017\/10\/DSC4085CaluvaFoto&#8211;e1515574833135.jpg&#8221; _builder_version=&#8221;4.16&#8243; custom_margin=&#8221;40px|||&#8221; global_colors_info=&#8221;{}&#8221;]<\/p>\n<p>Louise har varit med oss i n\u00e5gra \u00e5r och trivs med att hj\u00e4lpa v\u00e5ra kunder att hitta sin stil.<\/p>\n<p>[\/et_pb_team_member][\/et_pb_column][\/et_pb_section][et_pb_section fb_built=&#8221;1&#8243; _builder_version=&#8221;3.0.86&#8243; background_color=&#8221;#232323&#8243; custom_padding=&#8221;70px|0px|54px|0px|false|false&#8221; transparent_background=&#8221;off&#8221; global_module=&#8221;213475&#8243; collapsed=&#8221;on&#8221; global_colors_info=&#8221;{}&#8221;][et_pb_row column_structure=&#8221;1_4,1_4,1_4,1_4&#8243; _builder_version=&#8221;4.16&#8243; background_size=&#8221;initial&#8221; background_position=&#8221;top_left&#8221; background_repeat=&#8221;repeat&#8221; collapsed=&#8221;off&#8221; global_colors_info=&#8221;{}&#8221;][et_pb_column type=&#8221;1_4&#8243; _builder_version=&#8221;4.16&#8243; custom_padding=&#8221;|||&#8221; global_colors_info=&#8221;{}&#8221; custom_padding__hover=&#8221;|||&#8221;][et_pb_blurb title=&#8221;\u00d6PPETTTIDER&#8221; _builder_version=&#8221;4.21.0&#8243; header_font=&#8221;|on|||&#8221; header_line_height=&#8221;1.8em&#8221; background_layout=&#8221;dark&#8221; global_colors_info=&#8221;{}&#8221;]<\/p>\n<p><span style=\"font-size: 14px;\">M\u00e5n &#8211; Fredag 10.00-18.00<\/span><\/p>\n<p><span style=\"font-size: 14px;\">L\u00f6rdag &#8211; 10.00-15.00<\/span><span style=\"font-size: 14px;\"><\/span><\/p>\n<p>S\u00f6ndag &#8211; St\u00e4ngt<\/p>\n<p>&nbsp;<\/p>\n<p>&nbsp;<\/p>\n<p>&nbsp;<\/p>\n<p>&nbsp;<\/p>\n<p>[\/et_pb_blurb][et_pb_social_media_follow _builder_version=&#8221;4.16&#8243; text_orientation=&#8221;left&#8221; custom_margin=&#8221;60px|||&#8221; border_radii=&#8221;on|100%|100%|100%|100%&#8221; link_shape=&#8221;circle&#8221; global_colors_info=&#8221;{}&#8221;][et_pb_social_media_follow_network social_network=&#8221;facebook&#8221; url=&#8221;https:\/\/www.facebook.com\/carlximode.se\/&#8221; _builder_version=&#8221;4.16&#8243; background_color=&#8221;rgba(255,255,255,0.75)&#8221; background_image=&#8221;https:\/\/carlximode.se\/wp-content\/uploads\/2017\/09\/shutterstock_183309668.jpg&#8221; parallax=&#8221;on&#8221; custom_margin=&#8221;|10px||&#8221; global_colors_info=&#8221;{}&#8221;] Facebook [\/et_pb_social_media_follow_network][et_pb_social_media_follow_network social_network=&#8221;instagram&#8221; url=&#8221;https:\/\/www.instagram.com\/carlximode&#8221; _builder_version=&#8221;4.16&#8243; background_color=&#8221;#d7c97b&#8221; background_image=&#8221;https:\/\/carlximode.se\/wp-content\/uploads\/2017\/09\/shutterstock_183309668.jpg&#8221; parallax=&#8221;on&#8221; custom_margin=&#8221;|10px||&#8221; global_colors_info=&#8221;{}&#8221;] Instagram [\/et_pb_social_media_follow_network][et_pb_social_media_follow_network social_network=&#8221;rss&#8221; _builder_version=&#8221;4.16&#8243; background_color=&#8221;#d7c97b&#8221; background_image=&#8221;https:\/\/carlximode.se\/wp-content\/uploads\/2017\/09\/shutterstock_183309668.jpg&#8221; parallax=&#8221;on&#8221; custom_margin=&#8221;|||&#8221; global_colors_info=&#8221;{}&#8221;] RSS [\/et_pb_social_media_follow_network][\/et_pb_social_media_follow][\/et_pb_column][et_pb_column type=&#8221;1_4&#8243; _builder_version=&#8221;4.16&#8243; custom_padding=&#8221;|||&#8221; global_colors_info=&#8221;{}&#8221; custom_padding__hover=&#8221;|||&#8221;][et_pb_blurb title=&#8221;HITTA HIT&#8221; _builder_version=&#8221;4.21.0&#8243; header_font=&#8221;|on|||&#8221; header_line_height=&#8221;1.8em&#8221; background_layout=&#8221;dark&#8221; global_colors_info=&#8221;{}&#8221;]<\/p>\n<p>CARL XI MODE<br \/>Ronnebygatan 39<br \/>371 13 Karlskrona<\/p>\n<p>[\/et_pb_blurb][\/et_pb_column][et_pb_column type=&#8221;1_4&#8243; _builder_version=&#8221;4.16&#8243; custom_padding=&#8221;|||&#8221; global_colors_info=&#8221;{}&#8221; custom_padding__hover=&#8221;|||&#8221;][et_pb_blurb title=&#8221;KONTAKTA OSS&#8221; _builder_version=&#8221;4.16&#8243; header_font=&#8221;|on|||&#8221; header_line_height=&#8221;1.8em&#8221; background_layout=&#8221;dark&#8221; global_colors_info=&#8221;{}&#8221;]<\/p>\n<p>Tel: +46 (0)455-102 38<\/p>\n<p>Fax: +46 (0)455-102 96<\/p>\n<p>E-post:\u00a0<a href=\"mailto:info@carlximode\">info@carlximode.se<\/a><\/p>\n<p>[\/et_pb_blurb][\/et_pb_column][et_pb_column type=&#8221;1_4&#8243; _builder_version=&#8221;4.16&#8243; custom_padding=&#8221;|||&#8221; global_colors_info=&#8221;{}&#8221; custom_padding__hover=&#8221;|||&#8221;][et_pb_image src=&#8221;https:\/\/carlximode.se\/wp-content\/uploads\/2018\/02\/carl-xi-mode-2.png&#8221; align_tablet=&#8221;center&#8221; align_phone=&#8221;&#8221; align_last_edited=&#8221;on|desktop&#8221; _builder_version=&#8221;4.16&#8243; animation_style=&#8221;slide&#8221; animation_direction=&#8221;left&#8221; animation_duration=&#8221;500ms&#8221; animation_intensity_slide=&#8221;10%&#8221; global_colors_info=&#8221;{}&#8221;]<\/p>\n<p>&nbsp;<\/p>\n<p>[\/et_pb_image][\/et_pb_column][\/et_pb_row][\/et_pb_section]<\/p>\n","protected":false},"excerpt":{"rendered":"<p>Butik Vi f\u00f6ljer v\u00e5ra kunder genom hela livet fr\u00e5n skoltr\u00f6ja, kl\u00e4dsel f\u00f6r arbetsintervjun, festen och br\u00f6llopet. V\u00e5r drivkraft \u00e4r och har alltid varit att m\u00f6ta v\u00e5ra kunder med engagemang och passion, h\u00e4r blir man sedd. 1996 \u00f6ppnades porten f\u00f6r Carl XI Mode f\u00f6r f\u00f6rsta g\u00e5ngen. Butiken \u00f6ppnades som en vidareutveckling av f\u00f6retaget AB Ernst Nymans [&hellip;]<\/p>\n","protected":false},"author":2,"featured_media":0,"parent":0,"menu_order":0,"comment_status":"closed","ping_status":"closed","template":"","meta":{"_et_pb_use_builder":"on","_et_pb_old_content":"","_et_gb_content_width":"","footnotes":""},"class_list":["post-208494","page","type-page","status-publish","hentry"],"_links":{"self":[{"href":"https:\/\/carlximode.se\/index.php?rest_route=\/wp\/v2\/pages\/208494","targetHints":{"allow":["GET"]}}],"collection":[{"href":"https:\/\/carlximode.se\/index.php?rest_route=\/wp\/v2\/pages"}],"about":[{"href":"https:\/\/carlximode.se\/index.php?rest_route=\/wp\/v2\/types\/page"}],"author":[{"embeddable":true,"href":"https:\/\/carlximode.se\/index.php?rest_route=\/wp\/v2\/users\/2"}],"replies":[{"embeddable":true,"href":"https:\/\/carlximode.se\/index.php?rest_route=%2Fwp%2Fv2%2Fcomments&post=208494"}],"version-history":[{"count":52,"href":"https:\/\/carlximode.se\/index.php?rest_route=\/wp\/v2\/pages\/208494\/revisions"}],"predecessor-version":[{"id":214072,"href":"https:\/\/carlximode.se\/index.php?rest_route=\/wp\/v2\/pages\/208494\/revisions\/214072"}],"wp:attachment":[{"href":"https:\/\/carlximode.se\/index.php?rest_route=%2Fwp%2Fv2%2Fmedia&parent=208494"}],"curies":[{"name":"wp","href":"https:\/\/api.w.org\/{rel}","templated":true}]}}